ime factors of 858?
2, 3, 11, 13
What are the prime factors of 210?
2, 3, 5, 7
List the prime factors of 84432.
2, 3, 1759
List the prime factors of 97351.
67, 1453
List the prime factors of 7822.
2, 3911
List the prime factors of 952.
2, 7, 17
List the prime factors of 2287.
2287
What are the prime factors of 1874?
2, 937
List the prime factors of 1253.
7, 179
List the prime factors of 2131.
2131
What are the prime factors of 44283?
3, 29, 509
List the prime factors of 13079.
11, 29, 41
List the prime factors of 7899.
3, 2633
What are the prime factors of 90185?
5, 17, 1061
List the prime factors of 99608.
2, 12451
What are the prime factors of 14278?
2, 11, 59
List the prime factors of 101751.
3, 13, 2609
What are the prime factors of 134311?
19, 7069
What are the prime factors of 3662?
2, 1831
What are the prime factors of 307?
307
List the prime factors of 29208.
2, 3, 1217
List the prime factors of 764.
2, 191
What are the prime factors of 30290?
2, 5, 13, 233
What are the prime factors of 869?
11, 79
What are the prime factors of 4144?
2, 7, 37
List the prime factors of 822.
2, 3, 137
What are the prime factors of 39676?
2, 7, 13, 109
List the prime factors of 1288.
2, 7, 23
List the prime factors of 3077.
17, 181
List the prime factors of 7562.
2, 19, 199
What are the prime factors of 56006?
2, 41, 683
List the prime factors of 358.
2, 179
What are the prime factors of 1653?
3, 19, 29
What are the prime factors of 4057?
4057
List the prime factors of 32920.
2, 5, 823
List the prime factors of 60537.
3, 17, 1187
What are the prime factors of 52115?
5, 7, 1489
What are the prime factors of 16696?
2, 2087
What are the prime factors of 1453?
1453
List the prime factors of 1085.
5, 7, 31
List the prime factors of 2391.
3, 797
What are the prime factors of 25689?
3, 8563
What are the prime factors of 9291?
3, 19, 163
What are the prime factors of 20343?
3, 6781
List the prime factors of 3274.
2, 1637
List the prime factors of 2119.
13, 163
What are the prime factors of 111251?
7, 23, 691
What are the prime factors of 5992?
2, 7, 107
What are the prime factors of 3955?
5, 7, 113
List the prime factors of 232.
2, 29
What are the prime factors of 177617?
11, 67, 241
What are the prime factors of 3105?
3, 5, 23
What are the prime factors of 655?
5, 131
What are the prime factors of 828?
2, 3, 23
What are the prime factors of 79807?
7, 13, 877
What are the prime factors of 1599?
3, 13, 41
What are the prime factors of 779?
19, 41
What are the prime factors of 107795?
5, 21559
What are the prime factors of 57386?
2, 7, 4099
What are the prime factors of 51027?
3, 73, 233
What are the prime factors of 9378?
2, 3, 521
List the prime factors of 160174.
2, 7, 17, 673
What are the prime factors of 10816?
2, 13
List the prime factors of 33123.
3, 61, 181
What are the prime factors of 26813?
26813
List the prime factors of 853.
853
List the prime factors of 54.
2, 3
List the prime factors of 98987.
7, 79, 179
What are the prime factors of 4179?
3, 7, 199
What are the prime factors of 60780?
2, 3, 5, 1013
List the prime factors of 86700.
2, 3, 5, 17
List the prime factors of 45461.
13, 269
What are the prime factors of 7444?
2, 1861
What are the prime factors of 5350?
2, 5, 107
List the prime factors of 957.
3, 11, 29
What are the prime factors of 38543?
38543
What are the prime factors of 88685?
5, 17737
What are the prime factors of 736?
2, 23
List the prime factors of 239.
239
List the prime factors of 570.
2, 3, 5, 19
List the prime factors of 39349.
19, 109
List the prime factors of 10635.
3, 5, 709
List the prime factors of 990.
2, 3, 5, 11
List the prime factors of 2285.
5, 457
What are the prime factors of 2445?
3, 5, 163
List the prime factors of 24034.
2, 61, 197
What are the prime factors of 22345?
5, 41, 109
What are the prime factors of 729?
3
What are the prime factors of 2042?
2, 1021
List the prime factors of 7686.
2, 3, 7, 61
List the prime factors of 2887.
2887
What are the prime factors of 10244?
2, 13, 197
List the prime factors of 1538.
2, 769
List the prime factors of 4858.
2, 7, 347
List the prime factors of 46934.
2, 31, 757
What are the prime factors of 99840?
2, 3, 5, 13
List the prime factors of 94580.
2, 5, 4729
List the prime factors of 7096.
2, 887
List the prime factors of 18821.
11, 29, 59
What are the prime factors of 2085?
3, 5, 139
What are the prime factors of 604?
2, 151
What are the prime factors of 45302?
2, 22651
What are the prime factors of 35804?
2, 8951
What are the prime factors of 838?
2, 419
List the prime factors of 9287.
37, 251
What are the prime factors of 51129?
3, 13, 19, 23
What are the prime factors of 4794?
2, 3, 17, 47
What are the prime factors of 31684?
2, 89
List the prime factors of 84.
2, 3, 7
What are the prime factors of 18902?
2, 13, 727
What are the prime factors of 39072?
2, 3, 11, 37
What are the prime factors of 1012?
2, 11, 23
What are the prime factors of 9173?
9173
List the prime factors of 13530.
2, 3, 5, 11, 41
What are the prime factors of 1947?
3, 11, 59
What are the prime factors of 24379?
24379
What are the prime factors of 846?
2, 3, 47
List the prime factors of 22381.
22381
List the prime factors of 790.
2, 5, 79
List the prime factors of 43251.
3, 13, 1109
List the prime factors of 21111.
3, 31, 227
List the prime factors of 12150.
2, 3, 5
List the prime factors of 2568.
2, 3, 107
List the prime factors of 5195.
5, 1039
What are the prime factors of 65?
5, 13
List the prime factors of 234.
2, 3, 13
List the prime factors of 20710.
2, 5, 19, 109
List the prime factors of 2116.
2, 23
List the prime factors of 12638.
2, 71, 89
What are the prime factors of 272?
2, 17
List the prime factors of 22152.
2, 3, 13, 71
What are the prime factors of 48235?
5, 11, 877
What are the prime factors of 16429?
7, 2347
What are the prime factors of 2549?
2549
What are the prime factors of 2990?
2, 5, 13, 23
List the prime factors of 3327.
3, 1109
What are the prime factors of 70560?
2, 3, 5, 7
List the prime factors of 3536.
2, 13, 17
List the prime factors of 1147.
31, 37
What are the prime factors of 76988?
2, 19, 1013
List the prime factors of 595.
5, 7, 17
What are the prime factors of 99803?
11, 43, 211
List the prime factors of 6304.
2, 197
List the prime factors of 5230.
2, 5, 523
What are the prime factors of 4718?
2, 7, 337
What are the prime factors of 3932?
2, 983
What are the prime factors of 68207?
68207
List the prime factors of 14631.
3, 4877
List the prime factors of 142.
2, 71
List the prime factors of 3216.
2, 3, 67
What are the prime factors of 24529?
19, 1291
List the prime factors of 1257.
3, 419
What are the prime factors of 3307?
3307
List the prime factors of 14100.
2, 3, 5, 47
List the prime factors of 5479.
5479
List the prime factors of 1745.
5, 349
What are the prime factors of 440?
2, 5, 11
List the prime factors of 9321.
3, 13, 239
What are the prime factors of 4057?
4057
List the prime factors of 5212.
2, 1303
List the prime factors of 346.
2, 173
What are the prime factors of 1132?
2, 283
List the prime factors of 86169.
3, 28723
What are the prime factors of 42920?
2, 5, 29, 37
What are the prime factors of 1946?
2, 7, 139
List the prime factors of 11918.
2, 59, 101
List the prime factors of 6731.
53, 127
What are the prime factors of 19223?
47, 409
What are the prime factors of 37424?
2, 2339
List the prime factors of 91029.
3, 19, 1597
What are the prime factors of 489?
3, 163
What are the prime factors of 55673?
55673
What are the prime factors of 1209?
3, 13, 31
What are the prime factors of 483?
3, 7, 23
What are the prime factors of 104756?
2, 26189
List the prime factors of 15259.
15259
What are the prime factors of 34685?
5, 7, 991
What are the prime factors of 2138?
2, 1069
What are the prime factors of 71951?
11, 31, 211
List the prime factors of 3818.
2, 23, 83
What are the prime factors of 4075?
5, 163
What are the prime factors of 100883?
79, 1277
List the prime factors of 41541.
3, 61, 227
What are the prime factors of 38563?
7, 787
List the prime factors of 2647.
2647
List the prime factors of 4840.
2, 5, 11
What are the prime factors of 4204?
2, 1051
List the prime factors of 1484.
2, 7, 53
What are the prime factors of 516?
2, 3, 43
What are